 be (-2 - -3)/(a - -3). Calculate o(g).
-2
Suppose 0 = 2*q - 4*r, -2*q + 4*r = -q + 2. Let t(p) = 0 - 2*p**2 + 5*p - q + p**2. Suppose x = -3*x + 16. Give t(x).
2
Let b(k) = -k**2 + 3*k - 3. Let p(a) = -1. Let i(h) = b(h) - 5*p(h). Suppose 12 = -2*j + 5*s, -14 = -4*j - s + 6. Suppose c + j*c = -10. Calculate i(c).
-8
Suppose 0 = 5*b + 2*d + 30, 11*b - 12*b + 4*d = -16. Let y(u) = u**3 + 5*u**2 + 4*u + 5. Calculate y(b).
5
Let b(r) = 3*r**2 + 2*r + r**2 - 10 - r**3 + 5. Let m be (24/(-9))/(2/(-3)). Determine b(m).
3
Let u(y) = -y**2 - 4*y + 1. Let w be 2 + -7 + 4 + -1. What is u(w)?
5
Let r(z) = -5*z**3 + 9*z**2 + 1. Let o(t) = -6*t**3 + 10*t**2 + t + 2. Let a(f) = 6*o(f) - 7*r(f). Give a(-4).
-3
Suppose 62 = 4*f + v, -2*f + 0*f + 2*v + 26 = 0. Suppose -f = 2*q - 7*q. Let k(u) = u**2 - 3*u + 2. Calculate k(q).
2
Suppose -33 + 18 = -5*b. Let l(w) = -w**2 + 3*w + 3. Calculate l(b).
3
Let a(b) be the third derivative of 0*b + 0 + 0*b**3 + 0*b**4 - b**2 + 1/60*b**5. Let s(j) = -3*j**2 - 1. Let v(q) = -2*a(q) + s(q). Calculate v(1).
-6
Let h(m) = m**2 + m + 4. Let w(z) = -z**2 - 1. Let n(f) = -h(f) - 5*w(f). Suppose -x + 0 + 2 = 0, -2 = -2*r - 4*x. Let v be ((-1)/(-3))/(r/(-9)). Give n(v).
4
Let y(g) be the second derivative of -g**4/6 - g**3/3 + 2*g**2 + 2*g. Let i be (-5 - 0) + (4 - 2). Determine y(i).
-8
Let t be 0/((-1)/(2/4)). Suppose t = 2*g - 7*g + 15. Let i(z) = 5 + 3*z**2 + z**g + 2*z**2 + 0 + 6*z. What is i(-4)?
-3
Let h(s) = -2 - 2 - 3 - s**2 + 5*s + 0. What is h(5)?
-7
Let c(m) = -m**3 - 6*m**2 - 8*m - 5. Let f be c(-4). Let x(s) = 2*s. Give x(f).
-10
Let u(x) = -2*x**2 + 3*x - 6. Let p(o) = -11*o**2 + 18*o - 35. Let v(q) = 6*p(q) - 34*u(q). What is v(-5)?
14
Let p(f) be the first derivative of f**4/4 + f**3 + f**2 - 1. Let h = 2 - 0. Suppose 0*w = -2*w + d - 11, -16 = h*w - 2*d. What is p(w)?
-6
Let r(m) be the third derivative of m**6/120 - m**5/30 - m**4/6 + m**3/6 - 3*m**2. Suppose 25 - 4 = 5*y + 2*q, y - 4*q + 9 = 0. Calculate r(y).
-2
Let q(f) be the first derivative of f**4 - f**2 + f + 7. What is q(1)?
3
Let r(n) = 8*n + 1. Let i(o) = -o. Let x(j) = 36*i(j) + 4*r(j). Determine x(4).
-12
Let f be (-6)/(-4)*(3 + 52/(-12)). Let s(j) = j**3 - 10*j**2 + 13*j - 1. Let g(p) = p**3 - 7*p**2 + 9*p - 1. Let u(d) = -7*g(d) + 5*s(d). What is u(f)?
10
Suppose 7 = 4*k - 5. Suppose k*r = -g - 7, -3*g + 0*g = 3. Let x be (-12)/r + (3 - 4). Let h(f) = -f**3 + 4*f**2 + 3*f + 7. Calculate h(x).
-3
Let d(o) = -5*o**3 + 0*o**3 - 1 - 1 - 2*o. Let a(p) = -11*p**3 - p**2 - 4*p - 5. Let n(x) = -4*a(x) + 9*d(x). Let s be 5/2 - (-1)/2. Give n(s).
5
Let i(c) = -c + 1. Let v(t) be the first derivative of t**2/2 - 4*t - 2. Let n(l) = -1. Let z(x) = n(x) - v(x). Let s be z(7). Calculate i(s).
5
Let b(n) = -5*n**2 - 4 + 5*n**3 - 4*n**3 + 2*n**3 - 6*n - 4*n**3. Suppose 6*g - 3*g + 12 = 0. Determine b(g).
4
Let j(q) = 4*q - 5*q + 2*q. Give j(1).
1
Let v(h) be the second derivative of 1/6*h**3 - 1/12*h**4 + 3*h + 0 + 3*h**2. Give v(0).
6
Let j(h) = 2*h + 12. Suppose 5 = s + 14. What is j(s)?
-6
Let d(h) = h**2 - 2*h**2 + 2*h**2 + 6 - h**3. Suppose -2*w = -3*p - 2 - 0, -5*w + 5 = -4*p. What is d(p)?
6
Let l = 89/606 - -2/101. Let x(f) be the third derivative of -1/12*f**4 + 0 + 0*f - f**2 - l*f**3. Calculate x(-1).
1
Let w be (-3)/(4 + -3) - -8. Suppose 2*g + 5 = 1, g = w*i + 8. Let k(l) = -l + 1. Calculate k(i).
3
Suppose -4*h + 12 = 3*o - 12, 13 = -h + 4*o. Suppose h*n + 6 = 5*n. Let j(b) = -b**2 + 4*b + 1. What is j(n)?
4
Let u(s) be the second derivative of -s**4/12 - 2*s**3/3 + s**2/2 - 16*s. Suppose 3*w + 3 = -3. Calculate u(w).
5
Suppose -20 = 5*d - 10*d. Suppose h = -d*h + 15. Let q(g) = 3*g + 4*g**3 - g - 3*g**h - 3 - 2*g**2. Give q(2).
1
Let w = 14 + -12. Let k(l) = -8 + w*l**2 + 9 - l**2. Give k(-2).
5
Let f = 16 + -13. Let h(a) = -a**2 + 5*a + 4. Suppose 3*r + 8 = -r. Let q(j) = -j**2 + 5*j + 3. Let p(s) = r*h(s) + 3*q(s). Give p(f).
7
Let i(f) = 3*f - 11. Let g(m) = -m. Let a be (5 + -6)*(0 - -4). Let j(z) = a*g(z) - i(z). Determine j(-5).
6
Let k(p) = p - 5. Let v = -22 + 27. Suppose -b - v = -0*b. What is k(b)?
-10
Let p(w) = 6*w**3 + w**2 - w - 1. Let u(j) = 6*j**2 - 2*j - 1. Let s be u(-1). Suppose b = -3*g - s, -g = -4*b + 2*b. Calculate p(b).
-5
Let a(n) = -2*n - 1. Let t(c) = -c**3 - 2*c**2 + 10*c + 10. Let k be t(-4). Give a(k).
-5
Suppose 5*p = 3*p. Suppose g = -p*g + 9. Suppose -1 = 5*t + g. Let u(w) = -w**3 - 2*w**2 + w + 1. Determine u(t).
-1
Let r(p) = -p + 3. Let i(f) = -4*f + 20. Let l(u) = u - 7. Let g(k) = 2*i(k) + 7*l(k). Let t be g(-9). Determine r(t).
3
Let h(y) be the second derivative of y**7/840 + y**6/72 - y**5/20 - y**4/12 - 7*y**3/6 - 3*y. Let c(t) be the second derivative of h(t). What is c(-6)?
-2
Let s be (-3)/2*(4 - (-60)/(-9)). Let f(u) be the first derivative of u**4/4 - u**3 - 3*u**2 + 3*u + 2. Determine f(s).
-5
Let y(k) = -98 - k + 98. What is y(0)?
0
Let s(m) = -m**2 - 7*m - 4. Let u be (1/2)/((-4)/(-8)). Let d = u + -1. Let j = -5 + d. Determine s(j).
6
Let a(j) = 0*j**3 + j**3 + 6 + 6*j + j**2 + 0 + 6*j**2. Let q be a(-6). Let b(p) = p**3 - 5*p**2 - 6*p - 5. Calculate b(q).
-5
Let u(p) = -3 + 3*p**2 + 0 - p - 4*p**2. Let q(f) = f**3 - 4*f**2 - 5*f + 2. Let r be q(5). Suppose r*a + 18 = -0*a + 4*d, 0 = -a - d. Calculate u(a).
-9
Let q be (6/8)/(9/24). Let m(w) = -3*w**2 + 6*w**q - w**3 + w - 2*w - 2*w. What is m(2)?
-2
Let r = 1 + -26. Let a be (2/5)/(5/r). Let l(g) = g + 2. Let j(m) = -2*m - 3. Let d(b) = 4*j(b) + 5*l(b). Calculate d(a).
4
Suppose -5 = p - 6. Let a(n) = -24*n - 2. Let v(h) = -36*h - 3. Let o(q) = -7*a(q) + 5*v(q). Determine o(p).
-13
Let d(p) be the first derivative of -p**4/4 + 5*p**3/3 - 5*p**2/2 - p + 9. What is d(4)?
-5
Let c be (-2)/(-4) + (-15)/(-6). Let x(m) = -m + c - 1 + 2*m. Suppose -2*p + 7*p = 0. Give x(p).
2
Suppose -3*w - 7 = 23. Let y = 10 + w. Let p(u) = -u**2 - u - 4. Calculate p(y).
-4
Let v(i) = 0*i**2 - i - 7*i - 8 - 4*i**2 + 3*i**2. Determine v(-8).
-8
Suppose 3*p - 109 = -115. Let j(v) = -5*v. What is j(p)?
10
Let l(x) = x**3 - 2 - 4 + 4*x - 5*x**2 - 2*x. What is l(5)?
4
Let s(o) = -2*o + 2*o + o. Let k(b) = b + 6. Let p be k(-6). Suppose 6*t - 5*t + 2 = p. Determine s(t).
-2
Suppose -4 = -5*x + t, -x - 20 = 4*x + 5*t. Let n(f) = -f + 1. Let r(u) = -7*u + 7. Let k(q) = 6*n(q) - r(q). Give k(x).
-1
Let l(d) = 3*d**3 + 2*d**2 - 1. Let x(w) = -6*w**3 - 4*w**2 + 2. Let q(p) = -5*l(p) - 3*x(p). Give q(1).
4
Let d(l) = -l**2 - 4*l + 1. Suppose 0 = -3*q - 0*q - 9. Calculate d(q).
4
Suppose 10 = 2*d - 7*d. Let p(y) be the second derivative of -y**4/12 - y**3/3 - 6*y. Calculate p(d).
0
Suppose 0 - 2 = f. Let w(b) = 0*b + 8 - 9 - 2*b + b**3. Determine w(f).
-5
Let z(w) = 25 + w**2 - 26 - 4*w**2 + 2*w**2 + 6*w. Let k be 44/10 - 2/5. Give z(k).
7
Let y(w) = -w**2 + 13*w - 14. Let i(m) = 6*m - 6. Let n be i(3). Let d be y(n). Let a(k) = k**2 + 4*k. What is a(d)?
-4
Let p(n) = 6 - n**2 - 6 + n**3 + n**3. Let l be p(1). Let h(g) = -2*g**3 - 2*g**2 + 2*g - 1. What is h(l)?
-3
Let c(f) = f**2 - 4*f - 6. Let b be c(6). Let u(k) = 2 + 0*k**2 - b + 5*k - k**2 - 3. Calculate u(5).
-7
Let m(l) = -4 - 5*l + 5*l**2 + 0*l**2 - 4*l**2. Let i be 22/4 + 2/4. Calculate m(i).
2
Let w(j) = -6*j**3 + 66*j**2 + 50*j - 30. Let y(z) = -z**3 + 13*z**2 + 10*z - 6. Let g(t) = 2*w(t) - 11*y(t). Determine g(-10).
6
Let z = -7 + 9. Let g(m) = -m**3 + 3*m**2 - 3*m + 2. Let d be g(z). Let p(k) = k + 3. What is p(d)?
3
Let s(y) = y**2 - 4*y - 7. Suppose -d + 2*f + 9 = 0, -4*d - 5*f + 7*f + 30 = 0. Give s(d).
14
Let h = -61 - -64. Let w(j) = 4*j - 4. Give w(h).
8
Let h(m) = 7 + 2*m**3 + 0*m**3 - m**3 + m**2. Let c be -3 - ((-6)/(-14) - (-48)/(-14)). Give h(c).
7
Let u = 54 + -55. Let k(j) be the third derivative of 0*j + 0*j**3 + 1/10*j**5 + 0 + 0*j**4 + j**2. Calculate k(u).
6
Let q(j) = j**3 + 7*j**2 + 2. Let g be q(-7). Suppose -g*s + 3 = -s. Let b(p) = 0*p**s + p**3 + p**3 - p**2. Give b(-1).
-3
Let o(a) be the second derivative of 5/12*a**4 + a + 0 + 1/20*a**5 - a**3 + 2*a**2. Let v be (-4)/3*(-18)/(-4). Calculate o(v).
4
Suppose o + 24 = -3*o. Let h be 35/15 - (-2)/o. Let c(d) = -2*d**2 + 4*d - 3. What is c(h)?
-3
Let y(w) = -5*w**2 - w. Suppose 3*r + 2*r = 20. Let z(h) = h - 5. Let m be z(8). Let s = r - m. G